of 349028083?
8
What is the units digit of 74759468?
8
What is the hundreds digit of 165005228?
2
What is the hundred millions digit of 880226598?
8
What is the thousands digit of 7397057?
7
What is the thousands digit of 21736905?
6
What is the hundred thousands digit of 5017599194?
5
What is the hundred thousands digit of 1042999505?
9
What is the thousands digit of 191621720?
1
What is the ten millions digit of 178081959?
7
What is the tens digit of 338729934?
3
What is the millions digit of 37117328?
7
What is the units digit of 75877040?
0
What is the tens digit of 428322292?
9
What is the ten millions digit of 181469709?
8
What is the tens digit of 925411226?
2
What is the hundred millions digit of 244101879?
2
What is the hundreds digit of 757310564?
5
What is the units digit of 624084602?
2
What is the thousands digit of 67476778?
6
What is the ten thousands digit of 76804187?
0
What is the ten millions digit of 332655723?
3
What is the billions digit of 2591362513?
2
What is the units digit of 976777574?
4
What is the ten thousands digit of 42095479?
9
What is the hundred millions digit of 341568367?
3
What is the millions digit of 914462326?
4
What is the hundreds digit of 345985453?
4
What is the ten thousands digit of 44186186?
8
What is the hundreds digit of 40003956?
9
What is the tens digit of 282107421?
2
What is the ten millions digit of 2572322973?
7
What is the units digit of 7802815222?
2
What is the millions digit of 59101970?
9
What is the hundreds digit of 70735157?
1
What is the tens digit of 1787400868?
6
What is the hundred thousands digit of 904033736?
0
What is the hundred millions digit of 250840059?
2
What is the units digit of 99132358?
8
What is the hundred thousands digit of 907986825?
9
What is the hundreds digit of 123419530?
5
What is the ten millions digit of 794429800?
9
What is the thousands digit of 2015985483?
5
What is the tens digit of 298429567?
6
What is the hundred thousands digit of 107177866?
1
What is the hundreds digit of 2978298402?
4
What is the thousands digit of 2622690506?
0
What is the thousands digit of 2663536?
3
What is the hundreds digit of 135472940?
9
What is the hundred millions digit of 637533646?
6
What is the thousands digit of 23586871?
6
What is the ten millions digit of 6481165489?
8
What is the tens digit of 166360415?
1
What is the ten thousands digit of 370283279?
8
What is the hundred millions digit of 283170695?
2
What is the tens digit of 689731572?
7
What is the thousands digit of 58218565?
8
What is the thousands digit of 77524792?
4
What is the ten thousands digit of 167390978?
9
What is the tens digit of 795200779?
7
What is the hundreds digit of 46708127?
1
What is the hundreds digit of 911070046?
0
What is the tens digit of 429630887?
8
What is the tens digit of 63476133?
3
What is the tens digit of 5874139702?
0
What is the millions digit of 122055755?
2
What is the ten thousands digit of 138843617?
4
What is the hundred thousands digit of 90416690?
4
What is the hundreds digit of 507513064?
0
What is the units digit of 48975163?
3
What is the thousands digit of 716426884?
6
What is the hundred thousands digit of 10209877?
2
What is the ten thousands digit of 628598910?
9
What is the millions digit of 94110421?
4
What is the ten millions digit of 1032425986?
3
What is the ten millions digit of 4681177745?
8
What is the millions digit of 854407174?
4
What is the millions digit of 526408339?
6
What is the hundred thousands digit of 546435602?
4
What is the tens digit of 107589808?
0
What is the ten millions digit of 2895581747?
9
What is the ten thousands digit of 258243284?
4
What is the tens digit of 4149292792?
9
What is the tens digit of 4613870022?
2
What is the units digit of 122772203?
3
What is the tens digit of 58192586?
8
What is the units digit of 116300574?
4
What is the hundred millions digit of 1492461646?
4
What is the hundreds digit of 66966883?
8
What is the tens digit of 221486011?
1
What is the millions digit of 61927758?
1
What is the hundred thousands digit of 201919750?
9
What is the hundreds digit of 62647034?
0
What is the millions digit of 1442320903?
2
What is the units digit of 26956176?
6
What is the ten thousands digit of 32651798?
5
What is the ten thousands digit of 47881185?
8
What is the hundred thousands digit of 617072459?
0
What is the ten thousands digit of 667788857?
8
What is the thousands digit of 143775309?
5
What is the thousands digit of 304310098?
0
What is the tens digit of 811674724?
2
What is the ten millions digit of 150540669?
5
What is the units digit of 8071293194?
4
What is the thousands digit of 39299613?
9
What is the ten millions digit of 154988731?
5
What is the units digit of 39735813?
3
What is the units digit of 993407529?
9
What is the units digit of 1279897901?
1
What is the thousands digit of 783958235?
8
What is the hundreds digit of 414242703?
7
What is the hundred thousands digit of 1358075200?
0
What is the thousands digit of 72405764?
5
What is the tens digit of 153835167?
6
What is the hundred millions digit of 811890667?
8
What is the millions digit of 1579368796?
9
What is the ten millions digit of 16562927?
1
What is the ten millions digit of 534253918?
3
What is the tens digit of 3823842720?
2
What is the hundreds digit of 2369686102?
1
What is the hundreds digit of 1078837714?
7
What is the hundreds digit of 128327785?
7
What is the hundred thousands digit of 1396758523?
7
What is the hundred millions digit of 368710627?
3
What is the hundreds digit of 4738133917?
9
What is the thousands digit of 15883503?
3
What is the tens digit of 54832865?
6
What is the hundreds digit of 54266286?
2
What is the hundreds digit of 1010759?
7
What is the units digit of 370754658?
8
What is the millions digit of 4472693?
4
What is the tens digit of 1253380272?
7
What is the millions digit of 3362494456?
2
What is the hundred thousands digit of 88954704?
9
What is the hundreds digit of 1213877863?
8
What is the ten millions digit of 206064395?
0
What is the hundred millions digit of 196869037?
1
What is the units digit of 27477897?
7
What is the hundreds digit of 1065660526?
5
What is the millions digit of 4685143896?
5
What is the hundred thousands digit of 410766062?
7
What is the units digit of 742565982?
2
What is the hundreds digit of 267389006?
0
What is the hundreds digit of 1688630266?
2
What is the thousands digit of 71836096?
6
What is the hundred thousands digit of 10539318?
5
What is the tens digit of 35205189?
8
What is the ten millions digit of 34601254?
3
What is the ten millions digit of 320491874?
2
What is the hundreds digit of 47616560?
5
What is the ten thousands digit of 230707760?
0
What is the hundred millions digit of 124152452?
1
What is the thousands digit of 64309357?
9
What is the ten thousands digit of 1009465412?
6
What is the millions digit of 2291355153?
1
What is the hundred millions digit of 159144478?
1
What is the hundred thousands digit of 6724532?
7
What is the billions digit of 1793079280?
1
What is the tens digit of 123864124?
2
What is the thousands digit of 82912352?
2
What is the tens digit of 1365757009?
0
What is the ten millions digit of 991419182?
9
What is the millions digit of 222755603?
2
What is the millions digit of 586094353?
6
What is the tens digit of 265378567?
6
What is the hundred millions digit of 4884883215?
8
What is the units digit of 862104858?
8
What is the ten millions digit of 713510265?
1
What is the hundred millions digit of 1222548146?
2
What is the ten millions digit of 594540676?
9
What is the thousands digit of 16985605?
5
What is the ten millions digit of 364664856?
6
What is the tens digit of 33188435?
3
What is the units digit of 108109131?
1
What is the ten millions digit of 112877013?
1
What is the hundred millions digit of 141298691?
1
What is the billions digit of 1566286987?
1
What is the hundreds digit of 39827169?
1
What is the tens digit of 199737959?
5
What is the tens digit of 5806669?
6
What is the hundred thousands digit of 13173782?
1
What is the hundreds digit of 65005311?
3
What is the ten thousands digit of 298643323?
4
What is the ten thousands digit of 8638387837?
8
What is the tens digit of 192806619?
1
What is th